te the highest common factor of 14 and h.
14
Suppose -18*v + 20*v = 0. Suppose -85 = -2*x - 5*q, v = 4*x + 4*q + q - 195. Calculate the highest common divisor of 22 and x.
11
Let v = -3 - -3. Suppose 4*t + 2*t - 24 = v. Suppose -2*j = 2*j - t. Calculate the greatest common divisor of j and 3.
1
Suppose -5*v + h + 282 = 0, 2*v + 75*h = 80*h + 99. What is the greatest common divisor of v and 133?
19
Let s(u) = 3*u**3 + u. Let k be s(3). Let i(a) = -4*a - 111. Let z be i(-34). Let y be z + (-5 + 4)*(-6)/2. What is the greatest common divisor of k and y?
28
Let q be (-20)/80 - (-58)/8. Let d be 2 + -1 + -8 - 14/q. Let v be (-2 - 1*-9)*(d - -10). What is the highest common divisor of v and 1?
1
Let w = 55108 + -39399. Calculate the highest common factor of 23 and w.
23
Let f = 108 + -72. Suppose 10*o = 136 - f. Let s be (-13)/(-2) - o/(-20). What is the highest common divisor of s and 35?
7
Let c(d) be the third derivative of -d**5/60 + d**4/6 + d**3/3 + 4*d**2. Let z be c(3). Suppose h + z*h = 90. What is the highest common factor of h and 5?
5
Let l(c) = c**2 + 17*c + 69. Let v be l(-6). Let g(o) = o**3 + o**2 - 4*o. Let f be g(v). What is the highest common factor of f and 216?
24
Let r be (-128)/48*(-27)/4. Calculate the highest common divisor of 13356 and r.
18
Let w = 349 + -328. Let k be 90/w*(43 + -1). What is the greatest common divisor of k and 12?
12
Let i be 4*(-6)/(60/(-25)). Suppose -6*m - 24 = -i*m. Let q be 0 - (-5 + -3 + 2). What is the greatest common divisor of q and m?
6
Let m(p) = 23*p**2 + 40*p + 468. Let b be m(-8). Calculate the highest common factor of b and 50.
10
Let s = 2206 + -2203. Calculate the greatest common divisor of 61 and s.
1
Let u = 17 + -400. Let r = -253 - u. Calculate the highest common divisor of 26 and r.
26
Let i be 6108 - 15*(252/(-35) - -7). What is the highest common divisor of i and 63?
63
Let t be ((-4)/3)/(7/147). Let z = 31 + t. Suppose z*f - 4*w - 20 = 0, 0*w + w + 7 = f. Calculate the greatest common factor of f and 64.
8
Let i = 108 + -104. Suppose -4*y + 5*f = -1000, 4*y - i*f - 1024 = -5*f. What is the greatest common divisor of 15 and y?
15
Let m(i) = -44*i**2 + 6. Let s(x) = -x**2 - 1. Let u(f) = -m(f) - 5*s(f). Let n be u(1). Suppose -2*y + n = 42. What is the greatest common divisor of 6 and y?
3
Let f be (58/8)/((-1)/(-4)). Let o = 61 - f. Suppose 528 = -87*n + 1920. What is the greatest common divisor of o and n?
16
Let k(x) = x**3 + 4*x**2 - 77*x + 7. Let v be k(-11). Suppose -538 = v*w - 594. What is the greatest common divisor of w and 184?
8
Let l = -15514 - -15521. Calculate the highest common divisor of l and 6475.
7
Suppose 39 = 6*v - 15. Let u be 1/3*v*6. Suppose -u = w - 7*w. What is the highest common divisor of w and 21?
3
Let j be ((-2 - -8) + -6)/(1 + -3). Suppose 52*s - 10260 - 9500 = j. What is the greatest common factor of 20 and s?
20
Suppose -21*j + 27 - 174 = 0. Let a be 18/(-126) + 338*(-25)/j. Calculate the greatest common factor of 71 and a.
71
Suppose 53*t = 186*t - 143197 - 72795. What is the highest common factor of 112 and t?
56
Suppose -16 = -10*r + 364. Let q be -11 + 11 - -10*r. Calculate the highest common divisor of q and 20.
20
Let r = 4049 + -3931. What is the highest common factor of 2242 and r?
118
Let v(d) be the second derivative of -d**4/12 - 13*d**3/2 - 5*d**2 + 48*d + 3. Let b be v(-31). Calculate the greatest common factor of 70 and b.
14
Let r be (-40)/(-18) - (6/21)/(486/378). Calculate the greatest common divisor of 1292 and r.
2
Let m be 65/(-10) - ((-33)/6 - -6). Let r be 1*(-9 + m)*-5. Calculate the greatest common divisor of r and 160.
80
Suppose -7*z - 324 = -13*z. Suppose -8*u + z = -2*u. Let t(j) = 2*j**2 - 9*j - 26. Let o be t(u). Calculate the highest common factor of o and 5.
5
Let q(z) = -2*z**3 - 9*z**2 + 8*z. Let y be q(-7). Let c(t) = -28*t + 2779. Let v be c(97). What is the highest common factor of y and v?
63
Let h be (1*(-60)/(-9) + -7)/((-1)/33). Calculate the greatest common divisor of h and 41.
1
Suppose -33*x = -37*x - 2*q + 70, 2*q + 58 = 4*x. What is the greatest common divisor of x and 4192?
16
Let u(g) = -6 - 7*g + 0 - 9*g + 13*g. Let b be u(13). Let c be 14*(b/60)/((-6)/4). Calculate the greatest common divisor of c and 56.
7
Let w = 22348 - 21921. What is the highest common factor of 1525 and w?
61
Suppose 0 = -45*r - 2675 + 16895. Calculate the highest common factor of r and 3002.
158
Suppose 3*b + 4*r - 1156 = 0, -3*b - 229 = -4*r - 1353. What is the greatest common divisor of 15 and b?
5
Let p be 2 + 2/(-1) + 30. Let d be -6 + 624/102 - (-2939)/17. Suppose -8*u + 1507 = -d. What is the greatest common divisor of p and u?
30
Let g(j) = j**3 + j + 21. Let f be g(0). Let u be (-102)/(-17) - ((2 - -3) + -2). What is the greatest common divisor of f and u?
3
Let j = -3139 - -1870. Let y = 1849 + j. What is the highest common divisor of 20 and y?
20
Let b be 182 - (-5 + 5 - 30/(-5)). Let y be -3 + 5 + -1 - -109. Calculate the highest common factor of y and b.
22
Suppose -349 = -106*d + 75. Calculate the greatest common divisor of d and 103.
1
Let m(o) = -o**2 - 7*o + 2. Let t be m(-4). Let i(w) = 30*w**2 - 1109*w - 35. Let n be i(37). What is the highest common divisor of n and t?
2
Let u be ((-120)/14)/(2 - (-759)/(-378)). Calculate the highest common factor of 7830 and u.
270
Let f = -2103 + 2105. Let l(g) = -g**3 - 10*g**2 - g + 8. Let q be l(-10). Suppose -30 = -3*a + q. Calculate the highest common factor of a and f.
2
Let z(f) = f**2 + 8*f + 11. Let t be z(-5). Let u be (-1 - (-2)/t)*(5 - 19). Calculate the greatest common factor of u and 35.
7
Let u be (-8)/(12/3)*6/4. Let c be 15*u/5*(-2)/3. Calculate the highest common factor of c and 60.
6
Let l = -7192 - -9193. Calculate the highest common divisor of 92 and l.
23
Let y be (-15)/6 + 2 + (-396)/(-24). Suppose 9*n + 154 = y*n. Calculate the highest common divisor of 143 and n.
11
Let f be 15/(-5) + 6 - 0. Suppose -f = 24*u - 25*u. Suppose 3*p - j - 79 - u = 0, 16 = -4*j. What is the highest common divisor of p and 39?
13
Suppose 0 = -5*w + 2*l + 343, 4*l = w + 2*l - 67. Suppose -s = 2*s - w. Let r = 28060 + -27876. What is the highest common factor of s and r?
23
Let q be ((-27)/63)/(6/(-462)). Let x = -69 - -168. What is the greatest common divisor of q and x?
33
Suppose 0 = 5*w + 3*t - 495, -4*w - 4*t + 389 = -7. Suppose 4*r + 23 = 3, -2*z + 5*r + 79 = 0. What is the highest common factor of w and z?
9
Suppose 4*t - 12*t + 144 = 0. Suppose 0 = 21*r - t*r - 129. Let m = r - 25. Calculate the highest common factor of m and 12.
6
Suppose 3*f = 37 + 89. Suppose -44*m + f*m = 20. Let j = 17 + m. Calculate the greatest common divisor of 1 and j.
1
Let f(x) = -x**2 + 16*x + 11. Let j be f(6). Suppose -2*c + j*k - 73*k + 258 = 0, -5*c - 3*k = -651. What is the highest common divisor of 48 and c?
12
Let r = -187 - -200. Suppose -4*h - 36 - 6 = -5*u, 4*u - 4*h = 32. Suppose 0 = -l - i + u, 2*l - 3*i = 2*i + 41. What is the highest common divisor of l and r?
13
Suppose 2*a + 155 - 645 = 0. Suppose 8*z = z + a. What is the highest common divisor of z and 15?
5
Let l = -220 + 220. Suppose l = -39*s + 37*s + 18. Calculate the greatest common factor of s and 9.
9
Let i be (-12)/(-42)*(69 - -1). What is the highest common divisor of 584 and i?
4
Let y be (-3 - -4)/((-1)/(-14)). Let m be 4/(234/42 + -5). Let j be 68/m + (16/y)/4. What is the highest common divisor of j and 40?
10
Suppose -354*u = -460*u + 848. What is the greatest common divisor of 8192 and u?
8
Let s be 1/(4/96*1). Suppose 0*p - 2 = p - 5*i, -2 = -2*i. Suppose -2*a = 2*h - 20, -2*h + 6*h - 12 = p*a. Calculate the highest common divisor of s and h.
6
Let q be 1/(-2)*-2 + 51. Suppose -165*s = -17*s - 1924. What is the highest common divisor of s and q?
13
Suppose 31 = 11*q - 13. Let c be (q - 97)*(-2)/6. What is the greatest common divisor of c and 62?
31
Suppose -6*g + 500 = -430. Suppose 6*l + 101 = g. Calculate the greatest common divisor of 135 and l.
9
Let i = 4301 - 4285. Calculate the greatest common factor of i and 2032.
16
Suppose -i + 2*w - 1 = 0, 2*i - 2*w - 6 = -2. Let l(a) = 163*a + 1103. Let s be l(-6). Calculate the greatest common divisor of i and s.
5
Suppose a + 8*a + 603 = 0. Let x = -6